g) - 6*t(g). Calculate i(7).
-1
Let f(h) = 5 + h**2 + 8*h - 2*h + 1. Determine f(-4).
-2
Let v = -2 - -4. Let y be 1*-10*(-1)/v. Let o(j) = j**3 - 5*j**2 + j - 2. Determine o(y).
3
Let b(p) = p**2 + 9. Let z(m) = -m. Let y be z(-3). Suppose -y*x = x + 4. Let c be (x - -1)*(-4)/(-8). Give b(c).
9
Let r(k) = -k**2 - k. Let f be r(-1). Suppose 3*w - 15 = f, -24 = -4*a - w - 3*w. Let u(z) = -z + 1 - z**2 - z + 2*z. Calculate u(a).
0
Let t(f) be the second derivative of 1/6*f**3 - 3*f**2 - f + 0. What is t(5)?
-1
Let c(l) = -l - 4. Let j(t) = -t - 4. Let i(g) = -2*c(g) + 3*j(g). Let w be ((-1)/2)/((-2)/(-20)). Determine i(w).
1
Let y(k) = 5*k - 5. Let j be y(2). Let i(c) = j - c - 2 + 0*c. Suppose 5*o - 2*h - 5 - 24 = 0, -2*o + h = -12. Give i(o).
-2
Let x(m) = 6*m + 8. Let g(b) = 2*b + 3. Let q(w) = 17*g(w) - 6*x(w). Let c(j) = -j**3 + 3*j**2 + 6*j - 2. Let k be c(4). Give q(k).
-9
Suppose 0 = 3*x - 4 + 1. Let u(k) = 2. Let n(z) = z - 1. Let m(t) = -6*n(t) - 3*u(t). Calculate m(x).
-6
Let t(v) = -9*v - v - 16 + 9*v. Determine t(-13).
-3
Let z(q) = q**2 + 14*q + 3. Let w be z(-14). Let n(b) = 2*b**3 - 3*b**2 - 5*b + 3. Give n(w).
15
Let u(g) = -25 + g**3 + g + 9 + 6*g**2 + 17. What is u(-6)?
-5
Suppose 0 = -5*a + 15 + 10. Let v(q) = -10*q**3 + 18*q**2 - 5*q - 10. Let u(t) = -3*t**3 + 6*t**2 - 2*t - 3. Let p(b) = -7*u(b) + 2*v(b). Give p(a).
-4
Let d(m) = -5*m - 5. Let l(x) = -6*x - 6. Let f(a) = -5*d(a) + 4*l(a). Let g(n) = 2*n - 3. Let w(i) = f(i) - g(i). Determine w(-4).
8
Suppose 0 = 2*m + m - 12. Suppose -3*x - m*c - 12 = 0, 2*c = 5*x - 4 - 2. Let u = x - -1. Let s(d) = -d + 1. Calculate s(u).
0
Let z(r) = 14*r**3 + 17*r**2 + 9. Let i(j) = 5*j**3 + 6*j**2 + 3. Let u = -27 - -44. Let o = 9 + -15. Let w(y) = o*z(y) + u*i(y). Determine w(0).
-3
Suppose 4*t - 2*t = -4*i - 4, 5*i - 3*t + 16 = 0. Let z(g) = g**3 + g**2 - 2*g + 1. Calculate z(i).
1
Let b(s) = 1 - 71*s**2 + 140*s**2 - 67*s**2 - 3*s. Give b(-3).
28
Suppose 0 = -2*o - o - 2*d + 4, 2*o = -2*d + 4. Suppose o = 4*t - 3 - 5. Let n(c) = 3*c**t + 0*c**3 + 5*c - 4 - c**3 + 0*c**2. What is n(4)?
0
Let c(w) = w - 6. Let p be c(9). Suppose p*j + 22 - 7 = 0. Let y(u) = -u**3 - 5*u**2 - 2*u - 7. Calculate y(j).
3
Suppose 5*y - 3*o - 19 = 0, 2*y - o = 9 - 2. Suppose -x = -y - 2. Let s(k) = 4 + 3 - 2 - 9*k**2 - x. What is s(-1)?
-8
Suppose -6*s - 20 - 16 = 0. Let g(m) = -m + 6. Determine g(s).
12
Suppose -13 = p - 5*s, -p + 7 = -5*p + 5*s. Let w(y) = -5 - p*y**2 - 12*y**3 + 5 + y**2. Calculate w(-1).
11
Let j(d) = -d**3 + 7*d**2 + d - 8. Suppose 6*o + 14 = 8*o. Calculate j(o).
-1
Let s(a) be the first derivative of a**3/3 + 2*a**2 - a + 1. Suppose 14 + 11 = -5*v. What is s(v)?
4
Let v(p) be the first derivative of -p**2/2 - 4*p - 1. Determine v(-5).
1
Let j(m) = m - 1. Let a be j(0). Let z(b) be the third derivative of b**5/20 - b**4/12 - b**3/6 + b**2. Calculate z(a).
4
Let n(q) = -4*q - 4. Let p be n(-2). Let c(a) be the first derivative of -2/3*a**3 + 7/2*a**2 - 2 - 4*a. Calculate c(p).
-8
Suppose 3*s = -0*h + h - 26, -4*s - 42 = -5*h. Let w(j) = j**3 + 7*j**2 - 10*j - 8. What is w(s)?
8
Let d(p) = 4*p - 2*p + 2*p - 2. Let u(r) = r**2. Let x(k) = -k**3 - 2*k**2 + 2*k + 6. Let c(i) = 2*u(i) - x(i). Let y be c(-4). Calculate d(y).
6
Let a = -1 + 3. Let n(r) = 0*r**3 - 4*r + 4*r**a + 4 + r**3 + 0*r. Suppose 0 = y + 9 - 4. Calculate n(y).
-1
Let j(m) be the third derivative of -m**6/120 + m**5/15 + m**4/4 - m**3 + 8*m**2. What is j(5)?
-1
Let m be (-8)/6 + 7/21. Let q(z) = -3*z**3 + 2*z**2 + z. Determine q(m).
4
Let a be (-1)/(4 + (-68)/16) + 2. Let p(x) = x + 1. Let g(l) = -l - 11. Let f(c) = g(c) + 3*p(c). Determine f(a).
4
Let l(h) = 10*h - 89. Let m be l(9). Let i(a) = -21*a. Determine i(m).
-21
Let n(b) = -b**2 - 7*b - 6. Let m be n(-4). Let s(t) = m + 6*t - 4*t + 5*t + 0*t + t**2. Determine s(-4).
-6
Let d be -1*2*(5 + -3). Let a = d - -5. Let g(u) be the third derivative of -u**4/24 - u**2. Calculate g(a).
-1
Let h be 78/21 + (-4)/(-14). Suppose 4*j + 2 = -4*s - 2, 0 = s - h*j + 6. Let y(q) = -16*q - 1. Let i(c) = 2*c. Let r(b) = -6*i(b) - y(b). Determine r(s).
-7
Let v(k) = -2*k + 7*k**2 - 8 + 0*k**2 + k**3 + 4*k - 11*k. Give v(-8).
0
Let w = -4 - 1. Let g(d) = -3*d - 4. Determine g(w).
11
Let w(t) = -t**3 + 4*t**2 + 2*t - 2. Let g be 425/100 + (-2)/8. Calculate w(g).
6
Let s(x) = 3*x**2 - 4*x**2 - 4 - 3 + 6*x. Suppose -2*n = -2*f + 16, -2*f - 35 = -7*f + 4*n. Suppose 2*j - f*j = -h + 5, -5*h + 25 = -j. Calculate s(h).
-2
Let p(t) = 3 - 7*t - 5*t + 2*t - t. Let j(o) = -o**3 - 4*o**2 - 3*o + 3. Let f be j(-3). Let c(q) = 6*q - 2. Let s(m) = f*p(m) + 5*c(m). Give s(-3).
8
Let j(r) be the first derivative of -r**4/2 - 4*r**3/3 + r**2/2 + r - 4. Give j(-3).
16
Let s = -2 - -4. Let q be s/(-4)*(-16)/2. Let p(m) be the first derivative of 3*m**2/2 - 5*m - 1. Give p(q).
7
Let z(q) = -q + 1. Let j be z(6). Let c(f) = -f**2 - 4*f + 7. Determine c(j).
2
Let r(f) be the third derivative of -f**6/120 + f**5/12 + 2*f**3/3 - f**2. Let s be r(4). Suppose -y = -5*y + s. Let h(b) = -b**3 + 5*b**2 - 4. What is h(y)?
-4
Let t(y) = 5. Let m(q) = q - 1. Let w(b) = 2*m(b) + t(b). Give w(-2).
-1
Let d(f) = 0 + 2 + 3 + 2*f. Suppose -17*v + 15*v = 8. Calculate d(v).
-3
Let k(n) = -3*n - 2. Let j be k(0). Let o(m) = 2*m**3 + 2*m**2 + m - 1. Determine o(j).
-11
Let z(x) be the first derivative of x**4/4 + x**3/3 + x**2/2 + 8*x + 12. What is z(0)?
8
Let z(q) be the first derivative of -q**3/3 - 4*q**2 - 7*q + 11. What is z(-6)?
5
Let o be (-6)/7*(-1 - -8). Let p = o + 10. Let d(z) = z**2 - 3*z - 4. What is d(p)?
0
Let v(z) = 2*z - 1. Let r(a) = -a**2 - 8*a + 13. Suppose -6 = f + 3. Let w be r(f). Give v(w).
7
Let z(t) = -t - 3. Let p be (19/(-3) - -2) + (-6)/9. What is z(p)?
2
Suppose -4*j - j + 24 = h, 5*h = -3*j + 32. Let n(r) = j*r**3 + 3*r**2 - 3*r**3 - 4*r + r**2 + 2*r - 4. Determine n(-4).
4
Let l(v) = 2*v**2 - 3*v + 9. Let a(c) = -2*c**2 + 4*c - 10. Let n(p) = -6*a(p) - 7*l(p). Determine n(-2).
-5
Let b(j) = j**3 - 5*j**2 + 2*j + 5. Let x be b(4). Let q(i) = i**3 + 3*i**2 + 2*i + 1. Determine q(x).
-5
Let n(q) = q - 3. Let l be (33/(-3) - 3)/(-2). What is n(l)?
4
Let t(g) be the second derivative of -g**5/20 + g**4/6 + g**3/3 + 3*g**2/2 - 11*g. Determine t(3).
0
Let a be 26 + (-1 - (-1)/(-1)). Let x(v) = -a + 45 - v - 18. Determine x(5).
-2
Let p(z) = 8. Let r(x) = -x + 1. Let j(t) = -p(t) + 8*r(t). Give j(-1).
8
Let z(a) be the third derivative of a**4/24 - 2*a**3/3 - a**2. What is z(-3)?
-7
Let u(i) = i - 9. Let r be u(15). Let a(c) = c**2 - 8*c + 1. What is a(r)?
-11
Let g(c) = 4*c**2 + c. Suppose 0 = o + 3*o - 12. Let i = o - 4. Let h be (2 - i)/(-6)*2. Calculate g(h).
3
Suppose 3*h + 3 = 21. Let w(u) be the second derivative of u**5/20 - 7*u**4/12 + u**3 - 3*u**2 + 13*u. Determine w(h).
-6
Let m = 15 + -12. Let x be (-7 + m - -4) + 0. Let l(j) = j**2 - j. Determine l(x).
0
Let s(p) = -3*p + 6*p + 0*p - 3. Suppose x + 1 = 4. Suppose -3*t = -0*b - 3*b + 21, -4*b = -x*t - 24. What is s(b)?
6
Let m(h) = 7*h**3 - 21*h**2 + 3*h + 21. Let t(q) = 4*q**3 - 11*q**2 + 2*q + 11. Let z(x) = -3*m(x) + 5*t(x). Calculate z(8).
0
Let o be ((-15)/3 - -3) + 2. Let g(b) be the second derivative of -b**3/6 + 15*b**2/2 + b. What is g(o)?
15
Let t = -108 - -111. Let h(r) = r**2 - 4. What is h(t)?
5
Suppose -2*f + 4*p - 5*p - 12 = 0, 5*f + 33 = -4*p. Let v(i) = 10 - 10 + i. Give v(f).
-5
Let i(f) = -2*f - 7. Let b be i(-6). Let o(j) = 13*j**2 - 41*j + 28. Let w = 1 + -3. Let m(u) = 3*u**2 - 10*u + 7. Let r(z) = w*o(z) + 9*m(z). Give r(b).
-8
Let u(z) = -3*z**2 + z - 6. Let m(j) = -6*j**2 + j - 13. Let g(t) = -3*m(t) + 7*u(t). Calculate g(2).
-7
Let s(k) = -2*k**2 - 4*k - 3. Let c be s(-2). Let y be (-10)/18*c*-3. Let n(r) = 2*r + 3. Let l(o) = o + 1. Let a(u) = 3*l(u) - n(u). Give a(y).
-5
Let q(m) be the first derivative of -m**4/4 - m**3 + m**2 + 6. What is q(-3)?
-6
Let x(w) = w**2 - 3*w - 1. Let t be 78/(-12) - -5 - (-2)/(-4). What is x(t)?
9
Let t(d) = 14*d + 36. Let w(m) = 2*m + 5. Let r(j) = -6*t(j) + 44*w(j). Let c(x) = 3*x + 3. Let b(y) = 6*c(y) - 5*r(y). What is b(-4)?
6
Let v be (-2)/4*0 + 0. Let s(i) = -3*i**3 + i**2 + i. Let h be s(-1). Let m(f) = -4*f**3 - 6*f + h + 3*f**3 + f + 4*f. Give m(v).
3
Let t(v) = -v**2 +